ided by 484?
358
What is the remainder when 1500310311 is divided by 367?
365
What is the remainder when 5589 is divided by 231?
45
What is the remainder when 269274 is divided by 101?
8
Calculate the remainder when 2957814 is divided by 178.
166
What is the remainder when 441355 is divided by 206?
103
What is the remainder when 264210 is divided by 142?
90
Calculate the remainder when 63655049 is divided by 231.
227
Calculate the remainder when 3094677 is divided by 68.
65
Calculate the remainder when 3705101 is divided by 378.
323
What is the remainder when 7030364 is divided by 353?
16
Calculate the remainder when 19462751 is divided by 32.
31
Calculate the remainder when 201073 is divided by 49181.
4349
Calculate the remainder when 17355 is divided by 7569.
2217
What is the remainder when 36469681 is divided by 309065?
11
Calculate the remainder when 11836317 is divided by 1985.
1747
What is the remainder when 16330 is divided by 34?
10
What is the remainder when 1291092 is divided by 20823?
66
Calculate the remainder when 487982 is divided by 161873.
2363
What is the remainder when 45558 is divided by 843?
36
Calculate the remainder when 21429466 is divided by 2381051.
7
Calculate the remainder when 102994 is divided by 34331.
1
Calculate the remainder when 3639214 is divided by 24.
22
What is the remainder when 1895285283 is divided by 86?
83
What is the remainder when 1287837 is divided by 80457?
525
What is the remainder when 23947696 is divided by 1038?
1036
What is the remainder when 122618 is divided by 40808?
194
What is the remainder when 696735 is divided by 348258?
219
Calculate the remainder when 475866 is divided by 29705.
586
What is the remainder when 5955358 is divided by 349?
22
Calculate the remainder when 167990 is divided by 73.
17
What is the remainder when 25581851 is divided by 260?
191
What is the remainder when 33299494 is divided by 188?
182
Calculate the remainder when 88367064 is divided by 1521.
6
What is the remainder when 595523025 is divided by 2757?
2754
Calculate the remainder when 33224033 is divided by 6644802.
23
Calculate the remainder when 1948395 is divided by 752.
715
What is the remainder when 216510049 is divided by 9?
1
Calculate the remainder when 8331602 is divided by 1882.
1870
Calculate the remainder when 44875514 is divided by 3489.
3485
What is the remainder when 12530468 is divided by 4176646?
530
Calculate the remainder when 251371 is divided by 5338.
485
What is the remainder when 15554445 is divided by 144?
141
What is the remainder when 12360957 is divided by 1280?
1277
Calculate the remainder when 42344796 is divided by 656.
652
Calculate the remainder when 290940 is divided by 11.
1
What is the remainder when 218419 is divided by 215729?
2690
Calculate the remainder when 1654 is divided by 1461.
193
Calculate the remainder when 10909041 is divided by 545452.
1
Calculate the remainder when 350842 is divided by 1857.
1726
Calculate the remainder when 1014679 is divided by 507257.
165
What is the remainder when 318729592 is divided by 5425?
5417
What is the remainder when 1745170 is divided by 603?
88
What is the remainder when 3589816 is divided by 2000?
1816
Calculate the remainder when 12480 is divided by 1255.
1185
What is the remainder when 6097529 is divided by 59?
56
What is the remainder when 9813106 is divided by 306658?
50
What is the remainder when 16030 is divided by 15958?
72
What is the remainder when 658732778 is divided by 545?
543
What is the remainder when 359942 is divided by 179963?
16
Calculate the remainder when 36693248 is divided by 81.
5
Calculate the remainder when 32577 is divided by 259.
202
What is the remainder when 19332435 is divided by 10022?
10019
What is the remainder when 45084 is divided by 1794?
234
Calculate the remainder when 11704011 is divided by 316.
3
Calculate the remainder when 7217016 is divided by 94.
72
Calculate the remainder when 1857458 is divided by 464362.
10
Calculate the remainder when 73172 is divided by 6136.
5676
What is the remainder when 947746 is divided by 236931?
22
Calculate the remainder when 1447631 is divided by 723811.
9
What is the remainder when 17865129 is divided by 81?
12
Calculate the remainder when 5693913 is divided by 857.
5
Calculate the remainder when 2099078 is divided by 19991.
23
Calculate the remainder when 121522 is divided by 3114.
76
Calculate the remainder when 23156299 is divided by 7.
5
What is the remainder when 1885260 is divided by 3372?
312
Calculate the remainder when 10979420 is divided by 29.
20
Calculate the remainder when 1596227 is divided by 509.
3
What is the remainder when 1671 is divided by 330?
21
Calculate the remainder when 5477164 is divided by 16.
12
What is the remainder when 6490896 is divided by 160?
16
What is the remainder when 2906535 is divided by 2459?
2456
What is the remainder when 355627 is divided by 14028?
4927
Calculate the remainder when 2289167 is divided by 84783.
26
Calculate the remainder when 345818 is divided by 6290.
6158
Calculate the remainder when 1217078 is divided by 303628.
2566
Calculate the remainder when 36117548 is divided by 50.
48
Calculate the remainder when 1330060 is divided by 331914.
2404
Calculate the remainder when 19165830 is divided by 23.
22
What is the remainder when 222955 is divided by 6938?
939
Calculate the remainder when 1049204 is divided by 174857.
62
Calculate the remainder when 932147 is divided by 905.
902
Calculate the remainder when 1649789 is divided by 8729.
8
Calculate the remainder when 2868387 is divided by 1420.
1407
Calculate the remainder when 1716797 is divided by 37.
34
What is the remainder when 5209969 is divided by 147?
142
What is the remainder when 218275 is divided by 16747?
564
What is the remainder when 363543 is divided by 2022?
1605
What is the remainder when 1878788 is divided by 144522?
2
What is the remainder when 5973646 is divided by 170?
16
What is the remainder when 536816245 is divided by 11?
9
Calculate the remainder when 919710 is divided by 9580.
30
What is the remainder when 18438071 is divided by 255?
41
What is the remainder when 672489 is divided by 1186?
27
Calculate the remainder when 250281 is divided by 41504.
1257
Calculate the remainder when 88697 is divided by 14674.
653
What is the remainder when 2332190 is divided by 510?
470
What is the remainder when 239313 is divided by 118535?
2243
What is the remainder when 8680 is divided by 3709?
1262
Calculate the remainder when 6939997 is divided by 26.
25
What is the remainder when 117678 is divided by 29402?
70
Calculate the remainder when 403335 is divided by 366.
3
Calculate the remainder when 693700 is divided by 2069.
585
Calculate the remainder when 84310155 is divided by 1490.
1485
Calculate the remainder when 2941861 is divided by 865.
861
Calculate the remainder when 722514 is divided by 20042.
1002
Calculate the remainder when 1254143 is divided by 2775.
2618
Calculate the remainder when 77283557 is divided by 77283554.
3
Calculate the remainder when 5145082 is divided by 256.
250
Calculate the remainder when 20764 is divided by 315.
289
What is the remainder when 6360043 is divided by 421?
417
Calculate the remainder when 6899773 is divided by 42.
13
What is the remainder when 8105640 is divided by 4052804?
32
What is the remainder when 383517428 is divided by 155?
153
Calculate the remainder when 266047 is divided by 265249.
798
Calculate the remainder when 710808 is divided by 17335.
73
What is the remainder when 1518532 is divided by 253049?
238
What is the remainder when 2269220 is divided by 15436?
128
What is the remainder when 2330026 is divided by 465968?
186
Calculate the remainder when 204808 is divided by 75.
58
Calculate the remainder when 3394464 is divided by 565744.
0
What is the remainder when 8208 is divided by 7038?
1170
What is the remainder when 990096657 is divided by 3570?
3567
What is the remainder when 581859 is divided by 41561?
5
What is the remainder when 653509008 is divided by 8341?
8340
Calculate the remainder when 317174 is divided by 22643.
172
Calculate the remainder when 176489781 is divided by 44122437.
33
Calculate the remainder when 113278 is divided by 11231.
968
What is the remainder